{"id":6092,"date":"2023-01-12T22:09:27","date_gmt":"2023-01-12T21:09:27","guid":{"rendered":"https:\/\/schmecktbesser.ch\/?post_type=product&#038;p=6092"},"modified":"2024-02-29T21:29:37","modified_gmt":"2024-02-29T20:29:37","slug":"steinpilz-streuwuerze-400g","status":"publish","type":"product","link":"https:\/\/schmecktbesser.ch\/index.php\/product\/steinpilz-streuwuerze-400g\/","title":{"rendered":"Steinpilz Streuw\u00fcrze, 400g Glutenfrei ohne Palm\u00f6l"},"content":{"rendered":"<p><strong>Zusammensetzung:<\/strong><br \/>\nKochsalz unjodiert, Geschmacksverst\u00e4rker, Glutamat, Maisst\u00e4rke, Milchzucker, Maltodextrin, Kartoffelst\u00e4rke, Knoblauch, Zwiebeln, Gew\u00fcrze (Curry, Pfeffer, Koriander), Speisew\u00fcrze, pflanzliches Fett, Pilzaroma, getrocknete Pilze 1.5% (Butterpilze, Steinpilze)<\/p>\n<p><strong>GLUTENFREI!<\/strong><\/p>\n","protected":false},"excerpt":{"rendered":"<p>Hervorragend geeignet zum W\u00fcrzen und Nachw\u00fcrzen von Fleischgerichten, Risotto &amp;Teigwaren.<\/p>\n<p>GLUTENFREI!<\/p>\n","protected":false},"featured_media":6677,"template":"","meta":[],"product_brand":[],"product_cat":[259],"product_tag":[],"class_list":{"0":"post-6092","1":"product","2":"type-product","3":"status-publish","4":"has-post-thumbnail","6":"product_cat-vegetarische-wuerzmischungen","8":"first","9":"instock","10":"taxable","11":"shipping-taxable","12":"purchasable","13":"product-type-simple"},"_links":{"self":[{"href":"https:\/\/schmecktbesser.ch\/index.php\/wp-json\/wp\/v2\/product\/6092","targetHints":{"allow":["GET"]}}],"collection":[{"href":"https:\/\/schmecktbesser.ch\/index.php\/wp-json\/wp\/v2\/product"}],"about":[{"href":"https:\/\/schmecktbesser.ch\/index.php\/wp-json\/wp\/v2\/types\/product"}],"wp:featuredmedia":[{"embeddable":true,"href":"https:\/\/schmecktbesser.ch\/index.php\/wp-json\/wp\/v2\/media\/6677"}],"wp:attachment":[{"href":"https:\/\/schmecktbesser.ch\/index.php\/wp-json\/wp\/v2\/media?parent=6092"}],"wp:term":[{"taxonomy":"product_brand","embeddable":true,"href":"https:\/\/schmecktbesser.ch\/index.php\/wp-json\/wp\/v2\/product_brand?post=6092"},{"taxonomy":"product_cat","embeddable":true,"href":"https:\/\/schmecktbesser.ch\/index.php\/wp-json\/wp\/v2\/product_cat?post=6092"},{"taxonomy":"product_tag","embeddable":true,"href":"https:\/\/schmecktbesser.ch\/index.php\/wp-json\/wp\/v2\/product_tag?post=6092"}],"curies":[{"name":"wp","href":"https:\/\/api.w.org\/{rel}","templated":true}]}}