{"id":6097,"date":"2023-01-12T22:04:34","date_gmt":"2023-01-12T21:04:34","guid":{"rendered":"https:\/\/schmecktbesser.ch\/?post_type=product&#038;p=6097"},"modified":"2026-01-03T14:37:39","modified_gmt":"2026-01-03T13:37:39","slug":"grill-rustikal-verkapseltes-salz-ohne-glutamat-600g","status":"publish","type":"product","link":"https:\/\/schmecktbesser.ch\/index.php\/product\/grill-rustikal-verkapseltes-salz-ohne-glutamat-600g\/","title":{"rendered":"Grill Rustikal verkapseltes Salz, 600g Glutamatfrei"},"content":{"rendered":"<p>Das verkapselte Salz l\u00f6st sich erst beim Erhitzen auf und eignet sich daher perfekt zum Marinieren jeder Art von Fleisch. Durch sein pikantes Aroma kann man damit nahezu alle Grilladen verfeinern.<\/p>\n<p><strong>Zubereitung:<\/strong><\/p>\n<p>Das Gew\u00fcrz nach Belieben auf die Speisen streuen oder zum Marinieren verwenden. Das volle Aroma entfaltet sich beim Erhitzen.<\/p>\n<p>&nbsp;<\/p>\n<p><strong>Zusammensetzung:<\/strong><br \/>\nVerkapseltes Salz E471, Maisst\u00e4rke, Maltodextrin, Zwiebel, Raps\u00f6l, Rosmarin, Curry, Knoblauch, Gew\u00fcrze, Kr\u00e4uter, Zucker<\/p>\n","protected":false},"excerpt":{"rendered":"<p>Rassige, sparsame W\u00fcrzmischung zum Grillieren und f\u00fcr die Bratpfanne. Eignet sich besonders f\u00fcr Gefl\u00fcgel, Lamm &#8211; Rollbraten.<\/p>\n","protected":false},"featured_media":6353,"template":"","meta":{"site-sidebar-layout":"default","site-content-layout":"default","ast-global-header-display":"","ast-main-header-display":"","ast-hfb-above-header-display":"","ast-hfb-below-header-display":"","ast-hfb-mobile-header-display":"","site-post-title":"","ast-breadcrumbs-content":"","ast-featured-img":"","footer-sml-layout":"","theme-transparent-header-meta":"default","adv-header-id-meta":"","stick-header-meta":"","header-above-stick-meta":"","header-main-stick-meta":"","header-below-stick-meta":""},"product_brand":[],"product_cat":[268,257],"product_tag":[],"class_list":{"0":"post-6097","1":"product","2":"type-product","3":"status-publish","4":"has-post-thumbnail","6":"product_cat-gluten-lactose-und-glutamatfreie-produkte","7":"product_cat-wuerzmischung-fuer-fleisch","8":"desktop-align-center","9":"tablet-align-center","10":"mobile-align-center","12":"first","13":"instock","14":"taxable","15":"shipping-taxable","16":"purchasable","17":"product-type-simple"},"_links":{"self":[{"href":"https:\/\/schmecktbesser.ch\/index.php\/wp-json\/wp\/v2\/product\/6097","targetHints":{"allow":["GET"]}}],"collection":[{"href":"https:\/\/schmecktbesser.ch\/index.php\/wp-json\/wp\/v2\/product"}],"about":[{"href":"https:\/\/schmecktbesser.ch\/index.php\/wp-json\/wp\/v2\/types\/product"}],"wp:featuredmedia":[{"embeddable":true,"href":"https:\/\/schmecktbesser.ch\/index.php\/wp-json\/wp\/v2\/media\/6353"}],"wp:attachment":[{"href":"https:\/\/schmecktbesser.ch\/index.php\/wp-json\/wp\/v2\/media?parent=6097"}],"wp:term":[{"taxonomy":"product_brand","embeddable":true,"href":"https:\/\/schmecktbesser.ch\/index.php\/wp-json\/wp\/v2\/product_brand?post=6097"},{"taxonomy":"product_cat","embeddable":true,"href":"https:\/\/schmecktbesser.ch\/index.php\/wp-json\/wp\/v2\/product_cat?post=6097"},{"taxonomy":"product_tag","embeddable":true,"href":"https:\/\/schmecktbesser.ch\/index.php\/wp-json\/wp\/v2\/product_tag?post=6097"}],"curies":[{"name":"wp","href":"https:\/\/api.w.org\/{rel}","templated":true}]}}