{"id":6137,"date":"2023-01-12T21:39:57","date_gmt":"2023-01-12T20:39:57","guid":{"rendered":"https:\/\/schmecktbesser.ch\/?post_type=product&#038;p=6137"},"modified":"2026-01-03T14:43:23","modified_gmt":"2026-01-03T13:43:23","slug":"paniermehl-fertig-gewuerzt-600g","status":"publish","type":"product","link":"https:\/\/schmecktbesser.ch\/index.php\/product\/paniermehl-fertig-gewuerzt-600g\/","title":{"rendered":"Paniermehl fertig gew\u00fcrzt, 600g"},"content":{"rendered":"<p>Zum Panieren von Schnitzel, Cordon bleu, Koteletts und Fisch oder f\u00fcr Br\u00f6sel \u00fcber Gem\u00fcse.<\/p>\n<p>&nbsp;<\/p>\n<p><strong>Zubereitung:<\/strong><\/p>\n<p>Fleisch- oder Fischst\u00fccke zuerst im Mehl, dann in einem aufgeschlagenen Ei und zuletzt im Paniermehl wenden.<\/p>\n<p><strong>Zusammensetzung:<\/strong><br \/>\nWEIZENmehl, Kochsalz, Zucker, Gew\u00fcrze, Raps\u00f6l, Emulgator E471<\/p>\n","protected":false},"excerpt":{"rendered":"<p>Zum Panieren von Schnitzel, Cordon bleu, Koteletts und Fisch oder f\u00fcr Br\u00f6sel \u00fcber Gem\u00fcse. &nbsp; Zubereitung: Fleisch- oder Fischst\u00fccke zuerst im Mehl, dann in einem aufgeschlagenen Ei und zuletzt im Paniermehl wenden. Zusammensetzung: WEIZENmehl, Kochsalz, Zucker, Gew\u00fcrze, Raps\u00f6l, Emulgator E471<\/p>\n","protected":false},"featured_media":6341,"template":"","meta":{"site-sidebar-layout":"default","site-content-layout":"default","ast-global-header-display":"","ast-main-header-display":"","ast-hfb-above-header-display":"","ast-hfb-below-header-display":"","ast-hfb-mobile-header-display":"","site-post-title":"","ast-breadcrumbs-content":"","ast-featured-img":"","footer-sml-layout":"","theme-transparent-header-meta":"default","adv-header-id-meta":"","stick-header-meta":"","header-above-stick-meta":"","header-main-stick-meta":"","header-below-stick-meta":""},"product_brand":[],"product_cat":[259],"product_tag":[],"class_list":{"0":"post-6137","1":"product","2":"type-product","3":"status-publish","4":"has-post-thumbnail","6":"product_cat-vegetarische-wuerzmischungen","7":"desktop-align-center","8":"tablet-align-center","9":"mobile-align-center","11":"first","12":"instock","13":"taxable","14":"shipping-taxable","15":"purchasable","16":"product-type-simple"},"_links":{"self":[{"href":"https:\/\/schmecktbesser.ch\/index.php\/wp-json\/wp\/v2\/product\/6137","targetHints":{"allow":["GET"]}}],"collection":[{"href":"https:\/\/schmecktbesser.ch\/index.php\/wp-json\/wp\/v2\/product"}],"about":[{"href":"https:\/\/schmecktbesser.ch\/index.php\/wp-json\/wp\/v2\/types\/product"}],"wp:featuredmedia":[{"embeddable":true,"href":"https:\/\/schmecktbesser.ch\/index.php\/wp-json\/wp\/v2\/media\/6341"}],"wp:attachment":[{"href":"https:\/\/schmecktbesser.ch\/index.php\/wp-json\/wp\/v2\/media?parent=6137"}],"wp:term":[{"taxonomy":"product_brand","embeddable":true,"href":"https:\/\/schmecktbesser.ch\/index.php\/wp-json\/wp\/v2\/product_brand?post=6137"},{"taxonomy":"product_cat","embeddable":true,"href":"https:\/\/schmecktbesser.ch\/index.php\/wp-json\/wp\/v2\/product_cat?post=6137"},{"taxonomy":"product_tag","embeddable":true,"href":"https:\/\/schmecktbesser.ch\/index.php\/wp-json\/wp\/v2\/product_tag?post=6137"}],"curies":[{"name":"wp","href":"https:\/\/api.w.org\/{rel}","templated":true}]}}