{"id":7177,"date":"2024-05-05T13:36:19","date_gmt":"2024-05-05T11:36:19","guid":{"rendered":"https:\/\/schmecktbesser.ch\/?post_type=product&#038;p=7177"},"modified":"2024-10-29T07:35:32","modified_gmt":"2024-10-29T06:35:32","slug":"das-taegliche-plus-multi-vitamin-mineral-kapseln-weil-es-auf-die-kombination-von-vitaminen-und-mineralstoffen-ankommt","status":"publish","type":"product","link":"https:\/\/schmecktbesser.ch\/index.php\/product\/das-taegliche-plus-multi-vitamin-mineral-kapseln-weil-es-auf-die-kombination-von-vitaminen-und-mineralstoffen-ankommt\/","title":{"rendered":"Vitamin D3 &amp; K2 Kapseln die optimale Kombination von Vitamin D3 &amp; K2 zur unterst\u00fctzung des Immunsystems 30 Tage Versorgung  Inhalt: 90 Kapseln | F\u00fcllmenge: 46.5 g."},"content":{"rendered":"<p><b>Gutes f\u00fcr das Immunsystem<\/b><\/p>\n<p><strong>Das Sonnen-Vitamin D3 &amp; K2 (trans MK7) mit nat\u00fcrlichem\u00a0Zellschutz Komplex von PlantaVis<\/strong><\/p>\n<p>Nahrungserg\u00e4nzungsmittel mit \u00a0Vitamin D3 , Vitamin K2 und\u00a0Vitamin C, Zellschutz Komplex (Camu Camu Extrakt mit 20%\u00a0Vitamin C, Vitamin C, Jiaogulanextrakt, Cordycepspulver,\u00a0Shiitakepulver, Kapernextrakt, Astragaloside IV(1%), Gerstenextrakt mit 20-25% \u00df-Glucan, Chlorophyllin,\u00a0Melonenextrakt\u00a0(EXTRAMEL\u00ae)\u00a0enth\u00e4lt bioaktive Superoxiddismutase (SOD), schwarzer Pfefferextrakt mit 95%\u00a0Piperin), Menachinon, Mittelkettige Triglyceride, Cholecalciferol\u00a0&#8211; hochwertiges Qualit\u00e4tsprodukt von PlantaVis<\/p>\n<h5>Vitamin D3 &amp; K2\u00a0(MK7)\u00a0Kapseln (SonnenGlanz) plus dem\u00a0integrierten, exklusiven Zellschutz Komplex von PlantaVis<\/h5>\n<p>Vitamin D3 &#8211; das Sonnenvitamin mit den vielen Funktionen<\/p>\n<ul>\n<li>spielt eine Rolle im Prozess der Zellteilung<\/li>\n<li>tr\u00e4gt zu einer normalen Funktion des Immunsystems bei<\/li>\n<li>tr\u00e4gt zum Erhalt einer normalen Muskelfunktion bei<\/li>\n<li>tr\u00e4gt zum Erhalt normaler Knochen bei<\/li>\n<li>tr\u00e4gt zu einer normalen Absorption von Calcium und Phosphor bei<\/li>\n<li>tr\u00e4gt zum Erhalt normaler Z\u00e4hne bei<\/li>\n<\/ul>\n<p>Normalerweise wird Vitamin D3 durch Sonneneinstrahlung vom K\u00f6rper selbst gebildet. Allerdings weisen weitere Bev\u00f6lkerungskreise besonders im Winter auf der Nordhalbkugel nur unzureichende Werte des Vitamins auf. Auch \u00e4ltere Menschen, die sich auch im Sommer selten im Freien aufhalten, weisen h\u00e4ufig Defizite auf.<br \/>\nVitamin K2 wird von vielen Wissenschaftlern als nat\u00fcrlicher Verb\u00fcndeter von Vitamin D3 betrachtet, weil es unter anderem mit der Verstoffwechselung von Calcium in Verbindung gebracht wird.<\/p>\n<p>Gerade im Winter finden bei vielen Menschen in der n\u00f6rdlichen Hemisph\u00e4re die Sonnenstrahlen kaum noch ihren Weg auf die Haut. Dabei ist das gerade so wichtig, da hier auf diese Weise Vitamin D3 entsteht. Damit sind eine ganze Reihe an Funktionen verbunden, tr\u00e4gt das Sonnenvitamin doch zu einer normalen Aufnahme\/Verwertung von Calcium und Phosphor, einem normalen Calciumspiegel im Blut, zur Erhaltung normaler Knochen, einer normalen Muskelfunktion, normaler Z\u00e4hne sowie einer normalen Funktion des Immunsystems bei. Ausserdem hat es eine Funktion bei der Zellteilung. Es gibt also genug Gr\u00fcnde, auf eine ausreichende Versorgung mit Vitamin D3 zu achten.<\/p>\n<p>Eine Unterst\u00fctzung dabei k\u00f6nnen die\u00a0Vitamin D3 &amp; K2-Kapseln von PlantaVis sein. Sie enthalten eine Tagesdosis von 20 Mikrogramm oder 800 IE Vitamin D3. Erg\u00e4nzt haben wir diese Formel sinnvoller Weise mit Vitamin K2, das unter anderem ebenfalls zur Erhaltung normaler Knochen beitr\u00e4gt. Gemeinsam mit Vitamin C entsteht so eine abgerundete Kombination, die nicht nur f\u00fcr den Winter ausgezeichnet geeignet ist. Wie bei allen anderen PlantaVis-Produkten ist nat\u00fcrlich auch hier gew\u00e4hrleistet, dass nur hochwertige Rohstoffe zum Einsatz kommen und auf h\u00f6chstem Niveau verarbeitet werden.<\/p>\n<p>Vitamin D3 ist gerade im Sport \u00e4usserst wichtig. Wer seinen Vitamin-D3-Spiegel auf Vordermann bringt, kann im Sport bessere Leistungen erbringen. Umgekehrt kann ein Vitamin-D3-Mangel daf\u00fcr sorgen, dass die sportlichen Leistungen einbrechen. Vitamin D3 verbessert die Belastbarkeit und Leistungsf\u00e4higkeit des Herz-Lungen-Systems, f\u00f6rdert den Muskelaufbau und steigert die Testosteronbildung.<\/p>\n<p>Auch Vitamin C tr\u00e4gt zu einer normalen Funktion des Immunsystems und zum Schutz der Zellen vor oxidativem Stress bei.<br \/>\nCamu- Camu Extrakt ist reich an nat\u00fcrlichem Vitamin C.<\/p>\n<h5>SonnenGlanz &#8211; Vitamin D3&amp; K2<\/h5>\n<p>Vitamin D tr\u00e4gt in vielf\u00e4ltiger Weise zu einer normalen K\u00f6rperfunktion bei.\u00a0Vor allem in Kombination mit dem Vitamin K2 ist es daran beteiligt, dass:<\/p>\n<ul>\n<li>der K\u00f6rper Calcium und Phosphor normal aufnimmt und verwertet<\/li>\n<li>der Calciumspiegel im Blut normale Werte beh\u00e4lt<\/li>\n<li>Knochen, Muskelfunktionen und Z\u00e4hne normal erhalten bleiben<\/li>\n<li>eine normale Funktion des Immunsystems gew\u00e4hrleistet ist<\/li>\n<\/ul>\n<p>Dar\u00fcber hinaus hat Vitamin D eine Funktion bei der Zellteilung<\/p>\n<h5>Vitamin D3 und K2 geh\u00f6ren zusammen<\/h5>\n<p>Der nat\u00fcrliche starke Partner von Vitamin\u00a0D3 ist das Vitamin\u00a0K2: Beide\u00a0Vitamine\u00a0wirken synergistisch und entfalten gemeinsam ihre Wirkung. Ein gutes Pr\u00e4parat zur Behebung oder Vorbeugung eines Vitamin-D-Mangels enth\u00e4lt daher beide\u00a0Vitamine.<\/p>\n<p>Zus\u00e4tzlich enthalten die Kapseln unseren exklusiven\u00a0Zellschutzkomplex: eine spezielle Kombination aus Cama-Camu-Extrakt,\u00a0Melonenextrakt, Jiaogulextrakt,\u00a0Kapernextrakt, Shiitakepulver und weiteren hochwertigen Kr\u00e4utern, Fr\u00fcchten, Gem\u00fcsen und Pilzen. Der\u00a0Zellschutzkomplex\u00a0von PlantaVis\u00a0erg\u00e4nzt die Kombination von Vitamin\u00a0D3 und K2 in idealer Weise: Die darin enthaltenen Extrakte und Konzentrate aus Obst, Gem\u00fcse, Kr\u00e4utern und Pilzen unterst\u00fctzen eine ausgewogene Ern\u00e4hrung. Die enthaltenen\u00a0Vitamine\u00a0und\u00a0Mineralstoffe\u00a0decken teilweise den Tagesbedarf an essenziellen N\u00e4hrstoffen wie Vitamin\u00a0C. So gleicht der\u00a0Zellschutzkomplex\u00a0negative Folgen unserer modernen Lebens- und Ern\u00e4hrungsweise aus und unterst\u00fctzt die normale Zellgesundheit.<\/p>\n<h5>Hauptbestandteile unseres Zellschutzkomplexes sind:<\/h5>\n<p>ZellschutzKomplex: (Camu Camu Extrakt mit 20 % L-Ascorbins\u00e4ure (VitaminC1), L-Ascorbins\u00e4ure\u00a0(VitaminC1), Jiaogulan Extrakt, Cordyceps Sinensis Pulver, Shiitake Pulver, Kapern Extrakt, Astragaloside Extrakt I-VII,\u00a0Gersten Extrakt\u00a0mit 20-25% \u00df-Glucan, Chlorophyllin, Melonen Extrakt (EXTRAMEL\u00ae) enth\u00e4lt bioaktive Superoxiddismutase (SOD), schwarzer Pfeffer Extrakt mit 95% Piperine)<\/p>\n<h5>\u200bWas ist der exklusive\u00a0Zellschutz Komplex von PlantaVis?<\/h5>\n<p>Als innovatives Unternehmen in Sachen Herstellung und Entwicklung von Nahrungserg\u00e4nzungsmitteln, arbeiten wir von der PlantaVis\u00ae eng mit Wissenschaftlern aus den Bereichen Ern\u00e4hrung, Epi- und Nutrigenetik sowie der Medizin und Pharmazie zusammen. Neben dem \u00fcberlieferten, tradierten Wissen um den gesundheitlichen Wert von Nahrungsmitteln aus aller Welt, legen wir grossen Wert auf modernste Forschungsergebnisse, die wir tagt\u00e4glich in unsere Arbeit einfliessen lassen. Ein Ergebnis dieser Arbeit, auf das wir ganz besonders stolz sind, ist unser neuer, exklusiver Zellschutzkomplex. Zu hoher oxidativer Stress, ist zu einem generellen Problem in unserer modernen Gesellschaft geworden.\u00a0Die Gr\u00fcnde hierf\u00fcr sind vor allem in unserer Lebensf\u00fchrung zu suchen. Allen voran die \u00fcberm\u00e4ssige Verwendung von Genussmitteln, eine einseitige Ern\u00e4hrungsweise, Stress in Schule, Alltag und Beruf, Bewegungsmangel, aber auch Umweltgifte und verschiedene Medikamente, deren Einnahme zwingend notwendig ist. Die Folgen k\u00f6nnen ein geschw\u00e4chtes Immunsystem, beschleunigte Zellalterung, chronisch entz\u00fcndliche Erkrankungen, Stoffwechselst\u00f6rungen und unerw\u00fcnschte Arzneimittelwirkungen sein. Demgegen\u00fcber steht bei den meisten Menschen eine zu geringe Aufnahme von Obst, Gem\u00fcse, Kr\u00e4utern und Pilzen. Mit der Folge eines Mangels an sekund\u00e4ren Pflanzenstoffen. F\u00fcr zahlreiche Substanzen dieser umfangreichen Naturstoffgruppe, gilt eine antioxidative Wirkung inzwischen als wissenschaftlich belegt. Mit unserem intelligent zusammengesetzten Zellschutzkomplex, bieten wir eine L\u00f6sung f\u00fcr diese moderne Form der Mangelern\u00e4hrung. Sie finden ihn deshalb zus\u00e4tzlich in vielen unserer aktuellen Produkte.<\/p>\n<p><strong>Anwendung:<\/strong><\/p>\n<p>T\u00e4glich zwei\u00a0Kapseln mit ausreichend Fl\u00fcssigkeit einnehmen.\u00a0Die Produkte sollten langfristig und konsequent angewandt werden, denn nur so ist es gew\u00e4hrleistet, dass die hochwertigen Wirkstoffe die gew\u00fcnschten Ergebnisse erzielen.<br \/>\nEine Dose reicht f\u00fcr einen Monatsbedarf und ist f\u00fcr eine dauerhafte Anwendung geeignet.<\/p>\n<p><strong>Zutaten:<\/strong><\/p>\n<p>Reismehl, Kapselh\u00fclle: Hydroxypropylmethylcellulose,\u00a0Zellschutz Komplex (Camu Camu Extrakt mit 20%\u00a0Vitamin C, Vitamin C, Jiaogulanextrakt, Cordycepspulver,\u00a0Shiitakepulver, Kapernextrakt, Astragaloside IV(1%), Gerstenextrakt mit 20-25% \u00df-Glucan, Chlorophyllin,\u00a0Melonenextrakt\u00a0(EXTRAMEL\u00ae) enth\u00e4lt bioaktive Superoxiddismutase (SOD), schwarzer Pfefferextrakt mit 95%\u00a0Piperin), Menachinon, Mittelkettige Triglyceride, Cholecalciferol<\/p>\n<ul>\n<li>Vitamin D tr\u00e4gt zu einer normalen Funktion des Immunsystems bei<\/li>\n<li>Vitamin D tr\u00e4gt zur Erhaltung normaler Knochen bei<\/li>\n<li>Vitamin D tr\u00e4gt zur Erhaltung einer normalen Muskelfunktion bei<\/li>\n<li>Vitamin D hat eine Funktion bei der Zellteilung<\/li>\n<li>Vitamin K tr\u00e4gt zur Erhaltung normaler Knochen bei<\/li>\n<li>Vitamin K tr\u00e4gt zu einer normalen Blutgerinnung bei<\/li>\n<\/ul>\n<p><strong>Zusammensetztung:<\/strong><\/p>\n<p>Zusammensetzung<\/p>\n<p>pro Tagesdosis 2 Kapseln<\/p>\n<p>RM (%)Vitamin C32.00 mg40.00 %Vitamin D320 \u03bcg = 800 I.E.400.00 %Vitamin K2 (trans MK7)150.00 \u03bcg200.00 %\u00a0\u00a0\u00a0RM(%): Referenzmengen (f\u00fcr den durchschnittlichen Erwachsenen) nach LMIV.<\/p>\n<p>Hinweis:<\/p>\n<p>Die angegebene empfohlene t\u00e4gliche Verzehrsmenge darf nicht \u00fcberschritten werden. Nahrungserg\u00e4nzungsmittel sollten nicht als Ersatz f\u00fcr eine ausgewogene und abwechslungsreiche Ern\u00e4hrung verwendet werden. Ausserhalb der Reichweite von Kindern aufbewahren.\u00a0Lagern Sie das Produkt trocken, lichtgesch\u00fctzt und nicht \u00fcber 25\u00b0C.<\/p>\n<p>Benutzen Sie dieses Produkt nicht, wenn das Sicherheitssiegel besch\u00e4digt ist.<\/p>\n<p>Personen, die blutgerinnungshemmende Medikamente einnehmen, sollten vor der Einnahme dieses Produkts ihren Arzt konsultieren.<\/p>\n<p>Wenn Sie schwanger sind oder stillen, kontaktieren\u00a0Sie bitte Ihren Arzt, bevor Sie das Produkt benutzen.<\/p>\n","protected":false},"excerpt":{"rendered":"<p>Gutes f\u00fcr das Immunsystem Das Sonnen-Vitamin D3 &amp; K2 (trans MK7) mit nat\u00fcrlichem\u00a0Zellschutz Komplex von PlantaVis Nahrungserg\u00e4nzungsmittel mit \u00a0Vitamin D3 , Vitamin K2 und\u00a0Vitamin C, Zellschutz Komplex (Camu Camu Extrakt mit 20%\u00a0Vitamin C, Vitamin C, Jiaogulanextrakt, Cordycepspulver,\u00a0Shiitakepulver, Kapernextrakt, Astragaloside IV(1%), Gerstenextrakt mit 20-25% \u00df-Glucan, Chlorophyllin,\u00a0Melonenextrakt\u00a0(EXTRAMEL\u00ae)\u00a0enth\u00e4lt bioaktive Superoxiddismutase (SOD), schwarzer Pfefferextrakt mit 95%\u00a0Piperin), Menachinon, Mittelkettige Triglyceride, &hellip;<\/p>\n<p class=\"read-more\"> <a class=\"\" href=\"https:\/\/schmecktbesser.ch\/index.php\/product\/das-taegliche-plus-multi-vitamin-mineral-kapseln-weil-es-auf-die-kombination-von-vitaminen-und-mineralstoffen-ankommt\/\"> <span class=\"screen-reader-text\">Vitamin D3 &amp; K2 Kapseln die optimale Kombination von Vitamin D3 &amp; K2 zur unterst\u00fctzung des Immunsystems 30 Tage Versorgung  Inhalt: 90 Kapseln | F\u00fcllmenge: 46.5 g.<\/span> Weiterlesen &raquo;<\/a><\/p>\n","protected":false},"featured_media":7178,"template":"","meta":{"site-sidebar-layout":"default","site-content-layout":"default","ast-global-header-display":"","ast-main-header-display":"","ast-hfb-above-header-display":"","ast-hfb-below-header-display":"","ast-hfb-mobile-header-display":"","site-post-title":"","ast-breadcrumbs-content":"","ast-featured-img":"","footer-sml-layout":"","theme-transparent-header-meta":"default","adv-header-id-meta":"","stick-header-meta":"","header-above-stick-meta":"","header-main-stick-meta":"","header-below-stick-meta":""},"product_brand":[],"product_cat":[15,270],"product_tag":[269],"class_list":{"0":"post-7177","1":"product","2":"type-product","3":"status-publish","4":"has-post-thumbnail","6":"product_cat-uncategorized","7":"product_cat-nahrungsergaenzung","8":"product_tag-nahrungsergaenzung","9":"desktop-align-center","10":"tablet-align-center","11":"mobile-align-center","13":"first","14":"instock","15":"taxable","16":"shipping-taxable","17":"purchasable","18":"product-type-simple"},"_links":{"self":[{"href":"https:\/\/schmecktbesser.ch\/index.php\/wp-json\/wp\/v2\/product\/7177","targetHints":{"allow":["GET"]}}],"collection":[{"href":"https:\/\/schmecktbesser.ch\/index.php\/wp-json\/wp\/v2\/product"}],"about":[{"href":"https:\/\/schmecktbesser.ch\/index.php\/wp-json\/wp\/v2\/types\/product"}],"wp:featuredmedia":[{"embeddable":true,"href":"https:\/\/schmecktbesser.ch\/index.php\/wp-json\/wp\/v2\/media\/7178"}],"wp:attachment":[{"href":"https:\/\/schmecktbesser.ch\/index.php\/wp-json\/wp\/v2\/media?parent=7177"}],"wp:term":[{"taxonomy":"product_brand","embeddable":true,"href":"https:\/\/schmecktbesser.ch\/index.php\/wp-json\/wp\/v2\/product_brand?post=7177"},{"taxonomy":"product_cat","embeddable":true,"href":"https:\/\/schmecktbesser.ch\/index.php\/wp-json\/wp\/v2\/product_cat?post=7177"},{"taxonomy":"product_tag","embeddable":true,"href":"https:\/\/schmecktbesser.ch\/index.php\/wp-json\/wp\/v2\/product_tag?post=7177"}],"curies":[{"name":"wp","href":"https:\/\/api.w.org\/{rel}","templated":true}]}}